1)/14). Suppose 3*i + 134 = u*l - 76, -x*l + 262 = 5*i. What is the tens digit of l?
6
Let q be (1 - -199) + 0 + 2. Suppose 5*j = h + 380, -3*h = -2*j + q - 50. What is the tens digit of j/3*6/4?
3
Suppose -59*i - 94*i = -84*i - 442221. What is the units digit of i?
9
What is the tens digit of (0 - 0) + ((-175)/6)/(90/(-2700))?
7
Let o(h) = 10*h - 9*h + 0 - 12*h - 4 - 7*h. Let f be (-57)/12 + (-3)/12. What is the units digit of o(f)?
6
Suppose -8 = 2*r, -3*d + 42 + 5 = 4*r. Suppose -p = d - 882. Suppose -8*g + 3*l + p = -5*g, 4*l + 580 = 2*g. What is the units digit of g?
4
Suppose 12 = -2*r - 4*u, -2 = -3*r + 5*r + 2*u. Suppose 4*v - 2*l = 2280, l - r*l = -12. What is the units digit of v?
2
Let r(s) = -s**3 - 2*s**2 - s - 3. Let d be r(0). What is the tens digit of d + (2328/4 - (-1 - -6))?
7
Suppose 112*d - 7941600 = 31*d - 69*d. What is the tens digit of d?
4
Suppose n + 2*z - 71 = z, 5*n = z + 379. Suppose o - 36 = -4*q + 51, -o = q - n. What is the units digit of o?
1
Let v be 16/184 - (-2948)/(-46). What is the hundreds digit of 4468/32 - 24/v?
1
Let a = 15098 - -7259. What is the units digit of a?
7
Let b = -5 + 10. Let v be (-3)/b*2*(5 + 0). What is the tens digit of (102 - -8)/(4*(-3)/v)?
5
Let n(a) = -a**3 + 65*a**2 - 152*a - 115. What is the units digit of n(62)?
3
Let o = -3905 + 3926. What is the units digit of o?
1
Let h = -45 - -50. Suppose 0 = -2*b + h*b. Suppose b*v - v + 2*o = -176, 5*o + 357 = 2*v. What is the units digit of v?
6
Let a(f) = 52*f**3 - 33*f**2 + 16*f + 9. What is the ten thousands digit of a(11)?
6
Suppose 5*s + 16 = 2*y - 10, 4*y + 3*s = 0. Suppose m + 38 = 5*c + 145, 0 = -2*m + y*c + 242. What is the hundreds digit of m?
1
Suppose 4*g + 6770 = 4*c - 2162, 3*c - 6695 = 5*g. What is the units digit of c?
5
Let c(t) = -92*t**3 + t**2 - 10*t + 17. Let l be c(2). What is the tens digit of (16/12)/((-3676)/l + -5)?
8
What is the ten thousands digit of (136/(-16) + 9)/(8/489984)?
3
Let b(u) be the third derivative of -u**6/40 + 31*u**5/60 + 17*u**4/24 + 13*u**3/6 + 2*u**2 - 46*u. What is the tens digit of b(10)?
8
Let z(k) = k**2 + 2*k + 15. Let i be z(18). Suppose 7*v = 22*v - i. What is the tens digit of v?
2
Let u(b) = 571*b + 39. Let d be u(1). Suppose 5*m = -z + d, -m - 598 = -11*z + 10*z. What is the tens digit of z?
0
Let m(r) = -r - 5. Let y be m(16). Let f(p) = -p**3 - 21*p**2 - 21*p - 49. What is the units digit of f(y)?
2
Let v(w) = 21*w - 14. Let z be v(4). Suppose 214 = 12*q + z. What is the hundreds digit of ((-16)/q*3 + -179)/(-1)?
1
Let s = -233 - -241. Suppose 5*k - s = 2, 0 = -4*y + 3*k + 1974. What is the units digit of y?
5
Let i = -3777 + 6215. What is the tens digit of i?
3
Let p = -11443 - -17848. Suppose 0 = -6*b - 9*b + p. What is the hundreds digit of b?
4
What is the hundreds digit of -8 + 2 + (2 - 2) + (81 - -3817)?
8
What is the tens digit of (-170326)/(-40) + 12/(-80)?
5
Suppose v - 43 = -3*v + 5*t, 2*v - 27 = -3*t. What is the units digit of 4/((-24)/(-979)) - 2/v?
3
Suppose 0 = -5*f - 19 + 14. Let i be ((-2)/3)/(6/(-27)) - f. Suppose -i*v = -2*v - 2*o - 252, 0 = 4*o + 20. What is the hundreds digit of v?
1
Suppose 0 = -3*k - 3*h + 209112, -9*h + 6*h = 15. What is the tens digit of k?
0
Let r(q) = 4*q**2 + 12*q + 4. Let c(y) = y**3 + 8*y**2 + 5*y + 7. Let x be c(-7). Suppose 23*u + x = 20*u. What is the tens digit of r(u)?
1
Let b(y) be the third derivative of y**6/40 - y**5/30 + y**4/12 - 2*y**3/3 - 9*y**2. Let a(l) = l**2 + 4*l - 3. Let q be a(-5). What is the units digit of b(q)?
6
Let q(x) = 6*x - 79. Let m be q(11). What is the units digit of (0 - (-300)/(-5))*(m + -6)?
0
Let r(o) = -2*o**2 - 119*o - 322. What is the units digit of r(-54)?
2
Let r = -455 + 718. Suppose 642 = 4*n + 2*x, -2*n - 5*x = -r - 38. What is the units digit of n?
3
Let m(d) = -16*d**2 - 12*d + 82. Let v(t) = 45*t**2 + 37*t - 246. Let z(y) = -17*m(y) - 6*v(y). What is the hundreds digit of z(-15)?
8
What is the thousands digit of (-3)/6 - 213001/(-62)?
3
Suppose -1205*i + 1202*i + 3210 = 0. What is the hundreds digit of i?
0
Let h(a) = a**2 - 5*a + 9. Let t be h(8). Suppose 2*n - 47 = -t. Suppose 219 = n*y - 96. What is the units digit of y?
5
Let t(d) = 1127*d**2 + 22*d - 57. Let a be t(7). What is the tens digit of 1/(-3) - (-17)/(765/a)?
2
Suppose 159 = 3*m - 171. Let a = m + 323. What is the tens digit of a?
3
Suppose -h - 2*c = -6543, -8*h - 2*c + 19609 = -5*h. What is the units digit of h?
3
What is the ten thousands digit of (-7575)/(-10)*(-20)/15*(-54)/4?
1
Suppose -11*j + 5*j = -390. Let p = j - -44. Let d = p + 50. What is the tens digit of d?
5
Let y = 2179 - -2628. What is the units digit of y?
7
Let o(y) be the second derivative of 34*y**5 + y**4/6 - y**3/3 + y**2/2 + 111*y. What is the hundreds digit of o(1)?
6
Let a(p) = 2*p**2 + 3*p - 5. Let m = 29 + -24. Suppose 39 = m*i + 4. What is the units digit of a(i)?
4
Let l(v) = v**2 + 9*v + 600. What is the tens digit of l(72)?
3
Let b(o) = 3832*o - 162. What is the tens digit of b(7)?
6
Let k be 15/10*(-3)/(27/6). What is the tens digit of k/(-1)*(-7)/((-21)/1998)?
6
Suppose -180 = -2*v - 182. What is the tens digit of 1364/4 - (-8 - (-3 + v))?
4
Let x = 7682 - 3672. What is the tens digit of x?
1
Suppose 2*m - 9 + 1 = 0, 2*g + 3*m = 22. Suppose y - 148 - 422 = -k, -2874 = -g*y + k. What is the hundreds digit of y?
5
Let d = -83 + 85. Suppose -y + 1042 = 2*y - 5*i, -d*i = 2*y - 684. What is the units digit of y?
4
Suppose 81775 + 365651 + 34068 = 39*r. What is the hundreds digit of r?
3
Let r(o) be the second derivative of o**5/60 - 2*o**4/3 + 47*o**3/6 + o**2/2 - 9*o. Let p(g) be the first derivative of r(g). What is the tens digit of p(20)?
2
Suppose 4 = -4*y, -283*y = -4*a - 280*y + 19371. What is the tens digit of a?
4
Let n = -36 + 42. Suppose -u - 8 = n*r - 7*r, -4*u = 4*r. Suppose 0 = -r*k - 0*k + 76. What is the tens digit of k?
1
Suppose -100*b = -146*b + 493442. What is the thousands digit of b?
0
Suppose -5*h + 554 = 469. Let z(y) = 27. Let o(f) = -f + 1. Let x(u) = -o(u) + z(u). What is the units digit of x(h)?
3
Let m(w) = w**3 + 9*w**2 + 4*w + 23. Let t(y) = -y**3 + 11*y**2 - 8*y - 27. Let k be t(10). What is the units digit of m(k)?
3
Suppose 3*n - 6*n + 1239 = 0. Let r = n - 289. Let g = 253 - r. What is the units digit of g?
9
Suppose 34*f = -f + 286122 + 479328. What is the tens digit of f?
7
Suppose -3*u + 5*o + 56 = o, 0 = -4*u - o + 81. Let n = u - 8. Suppose -n*f = -7*f - 160. What is the tens digit of f?
3
Let g = 7271 - 2214. What is the thousands digit of g?
5
Let k(y) = 192*y**2 - 106*y + 674. What is the units digit of k(9)?
2
Let x = 60 + -35. Suppose 30*q = x*q + 695. Suppose a = -3*m + 225, -4*m + 3*a + q = -2*m. What is the units digit of m?
4
Let r be 4176 + 4 + -12 + 5. Suppose 0 = a + 1, 0*g + 4*g = -3*a + r. What is the hundreds digit of g/2*4*3/24?
2
Suppose 259757 = -63*c + 1837006 - 195470. What is the units digit of c?
3
Suppose 0 = 2*w + 38 + 30. Let y = 68 + w. What is the units digit of (-4)/(-34) - (-2206)/y?
5
Suppose 56*l - 55*l - 26 = 0. Suppose -21*p - 4525 = -l*p. What is the tens digit of p?
0
Suppose -2*x = -k - 77, -2*k + 4*x = k + 231. What is the units digit of (k/(-2))/(16/160)?
5
Let l be 1 + (-5*(-3)/3 - -406). Suppose -844 = -2*h + v, -3*h - 3*v = -4*h + l. What is the units digit of h?
4
Let r(h) = 5*h**3 - 6*h**2 - 5*h - 4. Let u be r(5). Let d = u + -185. Suppose -121 - 314 = -5*l + 4*b, -3*l = -5*b - d. What is the units digit of l?
7
Let b = -81 + 81. Let h(y) = b*y - 9*y + 6*y + 32 - y. What is the units digit of h(5)?
2
Let u = 12 + -6. Let y be 5 - 2*(-2 + 21/u). Suppose -49 = -y*f + 29. What is the units digit of f?
9
Suppose 3*f - 21 = x + 2*x, -23 = f + 5*x. Suppose -f*j = -2 - 8. What is the units digit of 121 - (j - (3 - 0))?
9
Suppose 5*n = -2*u + 8, -3*n + 5*n - u = 5. Suppose -3*q + 25 = n*q. Suppose -q*y = -96 - 144. What is the tens digit of y?
4
Let x(n) = 18*n + 44. Suppose 5*s + 5*k = 10, -7*s + 13 = -2*s + 4*k. Let r(l) = -9*l - 22. Let w(h) = s*r(h) + 3*x(h). What is the hundreds digit of w(19)?
1
Suppose -2*j + p + 5169 = -9739, -3*j + 5*p + 22376 = 0. What is the tens digit of j?
5
Suppose -4*s + 2*f = -f - 1416, 3*f = 12. Suppose 0 = -2*y - s + 1083. What is 